2 - 2*a - 1. Let w(d) = 9*k(d) + 4*p(d). What is w(-4)?
-57
Let l(q) be the first derivative of -q**2/2 + 21*q + 5. Let h be l(13). Let z(o) = -3 - o - 4 + 7 + 4. What is z(h)?
-4
Let x(k) = 576*k + 632*k - 1217*k + 58. Calculate x(7).
-5
Let l be 3/(-6)*4 + 2 + -3. Let a(k) = -3*k - 5 - 4*k**2 + 9 - 3. Let n(o) = -11*o**2 - 8*o + 3. Let i(p) = l*n(p) + 8*a(p). Calculate i(1).
0
Let l(j) be the third derivative of -j**4/4 - j**3/3 - 1577*j**2. Calculate l(-13).
76
Let n(x) = x**2 + 6*x. Let c(i) = i**2 + 11. Let g be c(5). Let v be (-5*(-2)/(-6))/((-4)/g). Suppose -3*d = 5*q - 1, d + 3*q - v = 4*d. Calculate n(d).
-9
Suppose 0 = 10*t + 144 - 204. Suppose -3*b = -y + t, -3*y = -b - 12 + 2. Let f(q) = -2*q. What is f(y)?
-6
Suppose 3*r = -2*r + 10, -3*f = -2*r - 47. Let d(h) = -h + 10. Let v(m) = -4. Let o(l) = d(l) - v(l). Give o(f).
-3
Let b(i) = 2*i**2 + 16*i + 6. Suppose 9 = -147*p + 148*p - 5*n, 0 = -2*p + 5*n - 2. Calculate b(p).
72
Let c(i) = -44*i - 6. Let h(q) = 2*q. Let s(o) = 2*c(o) + 36*h(o). What is s(-3)?
36
Let c(j) = j**3 - 26*j**2 - 11*j - 427. Let z be c(27). Let l(o) = 3*o**2 - 9*o + 9. Calculate l(z).
39
Let z(m) = 18*m**2 + 6*m + 15. Let x(a) = 4*a**2 + 3. Let t(n) = 4*x(n) - z(n). What is t(-5)?
-23
Let n(j) = -5*j**2 + 2. Let x(h) = 14*h**2 + h - 6. Let z(b) = 11*n(b) + 4*x(b). Let u(r) = r**2 - 3*r - 20. Let m be u(10). Let k = m - 53. Give z(k).
-5
Let b(g) be the third derivative of g**6/120 + g**5/4 + 7*g**4/12 - 3*g**3/2 + 4008*g**2. What is b(-14)?
-9
Let w = -1 - -3. Let v(p) = -4 - 4*p + p**3 - 3*p**3 - 1 + 5*p**w + p**3. Let k be v(4). Let f(g) = g**2 + 2*g - 7. What is f(k)?
8
Let q(o) = o + 2. Let n(w) = -w - 3. Suppose -5*l - 11*m = -6*m - 35, l + 3*m - 11 = 0. Let j(a) = l*n(a) + 4*q(a). What is j(-8)?
1
Let z = -409 - -413. Let q(j) = 36*j**2 + 18*j**2 - 52*j**2 + 3*j - 6. What is q(z)?
38
Let g(a) be the first derivative of a**4/4 + a**3 - a**2/2 + 5*a + 6. Suppose -8*m - 22 = -86. Suppose 12 = 2*u + 4*p, -u - 1 - m = -p. What is g(u)?
-7
Let r(b) = -8*b + 96. Let a(x) = -20*x - 8. Let t be a(-1). Let g be r(t). Let h(i) = -4*i - 13 + 4*i - i. Calculate h(g).
-13
Let l(u) = u**3 + 5*u**2 + 4*u + 6. Suppose -5*a = 4*r - 270 - 145, -3*r - 380 = -5*a. Suppose -45996 = -8*t - 45396. Let x = t - a. Give l(x).
6
Let o(p) = p**3 - 14*p**2 - 34*p + 17. Let z = -9834 + 9850. What is o(z)?
-15
Let t(h) = h**2 - 49*h - 256. Let d be t(54). Let p(i) = 5*i - 18. Determine p(d).
52
Let l(m) = -m**2 - 8*m - 2. Let x(o) be the first derivative of -o**3/3 + 8*o - 42. Let p be x(-4). What is l(p)?
-2
Let i(f) = -38*f - 46*f + 87*f. Suppose b = 4*b - 2*k - 57, 0 = -4*b - 5*k + 99. Let d = b + -20. Give i(d).
3
Let l be 18/6*101*(-1)/(-3). Let u(h) = 34*h - l*h + 9 + 32*h + 39*h. Give u(-5).
-11
Let b be 1*5 + (-6 - -6). Let k(a) = 7*a - 4. Let d(i) = i**2 + i - 1. Let x(w) = -w**3 + 4*w**2 + 5*w + 1. Let z be x(5). Let s(m) = z*k(m) - d(m). Give s(b).
2
Let g = -166 + 160. Suppose -5*y + 9 = -3*w, 6*y + 4*w = 7*y + 5. Let l(i) = -i**3 - 5 + 7*i**2 - 3*i + 2*i**3 + 6*i + y. What is l(g)?
16
Let x(l) be the first derivative of 1/3*l**3 - 5/2*l**2 - l - 1. Let i be (-1040)/(-364) - (2/(-7)*(-25)/(-50) - 1). What is x(i)?
-5
Suppose -136*i - 87 - 296 + 111 = 0. Let n(s) = s**3 - 4*s**2 + s - 6. Let f(j) = -3*j**3 + 9*j**2 - 2*j + 13. Let y(x) = -3*f(x) - 7*n(x). Calculate y(i).
-7
Let o(y) be the second derivative of -25*y**3/6 + 115*y**2 + 2*y - 11562. What is o(9)?
5
Let n = -102 + 110. Let l = 11 - n. Suppose 5*u + l = -12. Let w(r) = -r**3 - r**2 - 3*r + 2. Give w(u).
29
Let q(d) = 51*d + 667. Let w be q(-13). Let u(m) be the second derivative of 0*m**2 - 5/6*m**3 + w*m + 0. Calculate u(-1).
5
Let o(j) = -j**3 - 17*j**2 + 19*j + 22. Let d be o(-18). Let p(f) = -3*f + 7 - d + 3*f - 2*f. Let s be 15/6 + (-44)/(-8). Give p(s).
-13
Suppose 4*a + 16 = -4*l, 11*a - 9 = 13*a + 3*l. Let g(k) = -2 - 2 - 1271*k + 2*k**3 + 4*k**2 + 1270*k. Give g(a).
-19
Suppose x - 36 = 4*w + 16, 4*w = -3*x + 204. Suppose 26*i = 30*i - x. Suppose q - 9 = -i. Let a(m) = m**3 + 6*m**2 - 8*m - 3. Determine a(q).
4
Let w(n) = -14*n - 8. Let g(m) = -252*m**2 + 1512*m + 5. Let q be g(6). Determine w(q).
-78
Let c(a) = 68*a - 287. Let i(z) = 139*z - 531. Let p(d) = -5*c(d) + 2*i(d). Determine p(6).
1
Let t be -28*((-60)/(-16) - (1 - -3)). Let n(s) = 96*s**3 - 97*s**3 + 6 - 7*s + 8*s**2 + 3. What is n(t)?
9
Let o(i) be the second derivative of -1/12*i**4 + 4 - 7/2*i**2 + 13*i + 13/6*i**3. Calculate o(12).
5
Let z(o) = 2*o - 1 - 1 + 1 - 16 + 6. Let y = -4 - -7. Let a = y + 5. Give z(a).
5
Let z be (1 + 1)/(2/3). Suppose -v - 2*x = -0*x + 3, z*v = -3*x - 12. Let o(j) be the second derivative of j**3/3 + 3*j**2 + 42604*j. Give o(v).
-4
Suppose 0 = -15*k + 30*k + 90. Let q be 9 + (0 - 5 - k). Let y(c) = -c**3 + 10*c**2 - 2*c. Give y(q).
-20
Suppose -184 = 8*f - 160. Let h(c) = 5*c**3 + 2*c**2 + c + 3. Let p(i) = 4*i**3 + 3*i**2 + 2*i + 3. Let m(a) = -2*h(a) + 3*p(a). Give m(f).
-18
Suppose -6*g + 15 = -3. Suppose 5*m + 7 = 2*m + 2*w, -g*w = 2*m - 17. Suppose -3*q - 7 = -m. Let i(y) = -3*y**2 - y. Give i(q).
-10
Let h(a) = 123*a**2 - 4*a + 4. Let u be h(1). Let c(o) = 0*o + 6*o - 241 + 123 + 2*o + u + o**2. What is c(-5)?
-10
Let u(d) = -21*d + 3816 - 3929 - 11*d - 22*d. What is u(-2)?
-5
Let v(k) = 4*k. Let b = 46 + -40. Suppose -b*a + 150 = 42. Suppose -5*m = m + a. What is v(m)?
-12
Suppose -i + 0 = 9. Let z be (3/i)/(185/(-180) - -1). Let s(w) = -5 - 22*w + z*w + 11*w. Give s(9).
4
Let y(r) = -256 + 932 - 230 - r**2 - 38*r - 337. Calculate y(3).
-14
Let t(y) = y**3 + 26*y**2 + 23*y - 44. Let p be (-5)/1 - 22/55*50. Give t(p).
6
Let n(j) be the first derivative of j**3/3 - 15*j**2/2 + 23*j - 7048. Calculate n(12).
-13
Let u(c) = -c**2 + 177*c + 905. Let s be u(182). Let i(q) = q**3 + 7*q**2 + 13*q + 57. Give i(s).
42
Let x(q) = 4*q. Let d(r) = -9*r. Let k(s) = -3*d(s) - 7*x(s). Let l = 27392 - 27393. What is k(l)?
1
Suppose 0 = 3*x + f - 20, f = 4*x + 6*f - 45. Let u(k) = 10 + k - 7*k + 0. Let r(h) = 7*h - 11. Let i(j) = -5*r(j) - 6*u(j). Determine i(x).
0
Let d = 293 + -350. Suppose -3*q - 90 = 78. Let z = q - d. Let y(l) = 17*l**2 - 2*l + 1. Give y(z).
16
Let d(m) = m**2 - 9*m - 5. Let r = -27 - -27. Suppose -v = 3*o - 5*v + 18, -5*v = r. Let u be (2/4)/(o/(-120)). Calculate d(u).
5
Suppose 1249*v = 1244*v. Let n(s) = -s**2 + 2*s + 10. Determine n(v).
10
Let x(i) be the third derivative of -1/12*i**4 + 1/12*i**5 - 2*i**2 + 0 + 1/6*i**3 + 11*i - 1/120*i**6. Calculate x(3).
13
Let s(o) = -2*o**3 - 14*o**2 - 12*o + 8. Let p(n) = -24*n + 978. Let x be p(41). What is s(x)?
8
Let f(x) = x - 6. Suppose 2*j = -2*q - 2*j - 130, 3*q + 194 = -5*j. Let m = 68 + q. Determine f(m).
-1
Let v(h) = -h + 2. Let b be 26/2 + (-12)/6 + -1. Suppose 5*d = 4*c - b, -2 = -5*c + d - 0*d. Suppose 4*q - 21 - 3 = c. Calculate v(q).
-4
Let w = -6581 + 6588. Let o(f) = -f**3 + 8*f**2 - 12*f + 12. Calculate o(w).
-23
Let t(a) = a**2 + 3931*a - 3925*a - 5 - 31. Give t(-9).
-9
Let n be (-6)/(-36)*9 - (-88)/16. Let u be 52/9 + n/252*8. Let h(j) be the second derivative of -j**4/12 + j**3 - 9*j**2/2 + 2*j. Calculate h(u).
-9
Let s(u) be the third derivative of -u**5/60 - 17*u**4/24 - 31*u**3/3 - 12*u**2 - u - 2. Give s(-13).
-10
Let t(w) = -3*w - 2. Let u(q) = -4*q**2 - 3*q. Let l be u(3). Let h = l - -45. Suppose -k - 14 + 12 = h. Give t(k).
4
Let i(k) be the second derivative of -k**6/720 - k**5/15 - 9*k**4/2 - 4*k. Let r(x) be the third derivative of i(x). Calculate r(-12).
4
Let u = 2/5753 - -40265/17259. Let d(o) be the first derivative of o - 7/2*o**2 + u*o**3 - 1/4*o**4 - 9. What is d(6)?
-5
Let w(g) = g**2 - 11*g + 14. Let q be w(10). Let i(f) = -63 + 27 - q*f + 31. Determine i(4).
-21
Let f = -239 + 273. Suppose 0 = 5*j + 4*m + f, -13*m + 11*m = -2*j - 10. Let i(t) = t**2 + 9*t - 5. Determine i(j).
-23
Let b(w) = w + 6. Suppose 0 = -5*t + 2*d + 43 - 26, 4*t - 4 = 4*d. Let x be (6/(-1) + 1)*-4. Let f be t/x - 26/8. What is b(f)?
3
Suppose 3*y - 7*l - 60 = -10*l, 0 = y - 3*l - 12. Let t be -3*1*(-24)/y. Let q(v) = 7*v**2 + 3*v**2 - 11*v**2 + 5*v - 4. What is q(t)?
0
Let a(w) = 26*w**2 - 4*w + 1. Let f(q) = -27*q**2 + 3*q - 1. Let y(r) = 2*a(r) + 3*f(r). Suppose 0 = g + 52 - 55, 4*n - 